onvert -35277 (base 8) to base 12.
-8853
Convert 11211 (base 4) to base 13.
216
What is -1332 (base 11) in base 2?
-11011000001
Convert -2a5 (base 13) to base 4.
-13121
9645 (base 10) to base 2
10010110101101
Convert -31613 (base 7) to base 3.
-101202202
Convert -6456 (base 7) to base 5.
-33140
What is 20121 (base 4) in base 14?
2a5
Convert -a5 (base 13) to base 3.
-12000
-1113312 (base 5) to base 14
-7328
Convert -b21 (base 12) to base 16.
-649
-3438 (base 13) to base 2
-1110010010010
15 (base 10) to base 12
13
Convert 332111 (base 4) to base 11.
2aa7
1331 (base 7) to base 4
20000
Convert 1341 (base 5) to base 6.
1005
What is -15426 (base 7) in base 4?
-1003230
22011212 (base 3) to base 8
13513
-34041 (base 5) to base 8
-4534
Convert -b8 (base 15) to base 2.
-10101101
What is 183 (base 9) in base 13?
c0
Convert -8398 (base 11) to base 15.
-3463
What is 2344 (base 6) in base 13?
349
What is 84573 (base 9) in base 13?
1c581
What is 4222 (base 8) in base 6?
14054
What is 12201212 (base 3) in base 10?
4181
What is -14553 (base 6) in base 12?
-1459
What is -2278 (base 16) in base 6?
-104504
What is -58 (base 13) in base 16?
-49
What is -c8 (base 14) in base 4?
-2300
What is -157a (base 11) in base 14?
-a47
-143 (base 9) to base 7
-231
Convert 455 (base 16) to base 3.
1112002
Convert 120013 (base 8) to base 10.
40971
What is 552 (base 7) in base 5?
2112
Convert 44d (base 15) to base 2.
1111001101
-12307 (base 8) to base 11
-3aa6
What is -64741 (base 8) in base 16?
-69e1
Convert 334 (base 14) to base 4.
21322
-313456 (base 7) to base 12
-27374
Convert a4 (base 11) to base 7.
222
What is -988 (base 12) in base 4?
-111320
4110 (base 8) to base 3
2220112
Convert 57764 (base 11) to base 7.
465156
Convert 413054 (base 6) to base 10.
33082
2005 (base 9) to base 13
887
What is 8aa (base 12) in base 11?
a66
442322 (base 5) to base 10
15337
1932d (base 14) to base 8
174375
-2980 (base 11) to base 7
-14123
f8 (base 16) to base 15
118
Convert 3412 (base 6) to base 8.
1440
What is -6dcc (base 14) in base 10?
-19192
What is 200121 (base 3) in base 13?
2c8
What is -102230 (base 4) in base 5?
-14241
What is 83 (base 10) in base 2?
1010011
What is -3c5 (base 13) in base 8?
-1234
Convert 124 (base 9) to base 11.
94
What is 1367 (base 8) in base 15?
359
Convert -21220 (base 3) to base 13.
-135
5919 (base 10) to base 14
222b
Convert 146371 (base 8) to base 10.
52473
What is -4471 (base 8) in base 2?
-100100111001
1000101110000011 (base 2) to base 8
105603
What is 11111100010 (base 2) in base 9?
2682
-110111 (base 4) to base 10
-1301
-32b3 (base 15) to base 5
-320433
Convert -4421 (base 12) to base 15.
-235d
212431 (base 5) to base 7
30053
What is 21235 (base 7) in base 3?
21020011
What is 3314 (base 9) in base 11?
1921
33253 (base 6) to base 4
1020201
776 (base 8) to base 12
366
30442 (base 5) to base 10
1997
Convert 675 (base 12) to base 13.
584
Convert -d2b7 (base 14) to base 16.
-8d81
Convert 8a8 (base 11) to base 16.
43e
What is -351 (base 10) in base 3?
-111000
What is -25031 (base 10) in base 6?
-311515
Convert -12838 (base 12) to base 7.
-134006
What is -11113302 (base 4) in base 9?
-33156
What is -11111010 (base 2) in base 6?
-1054
Convert 55045 (base 8) to base 10.
23077
Convert 1461 (base 16) to base 11.
3a13
What is -2ea (base 15) in base 14?
-35c
-33232 (base 4) to base 10
-1006
What is 455 (base 8) in base 5?
2201
Convert -107712 (base 8) to base 3.
-1212111100
Convert -4300 (base 6) to base 4.
-33030
What is -2399 (base 10) in base 12?
-147b
-101122212 (base 3) to base 4
-1321130
Convert 5732 (base 9) to base 4.
1002101
What is 30408 (base 10) in base 12?
15720
-144 (base 6) to base 13
-4c
What is 144210 (base 5) in base 16?
1824
-142 (base 15) to base 12
-1bb
-2000102 (base 5) to base 8
-75055
What is -166335 (base 8) in base 6?
-1144421
-3d11 (base 14) to base 12
-62b7
-1101001100 (base 2) to base 12
-5a4
5a87 (base 16) to base 13
a719
Convert -4418 (base 9) to base 8.
-6271
Convert 22266 (base 9) to base 13.
6978
Convert 1010001010 (base 2) to base 9.
802
What is 213 (base 8) in base 5?
1024
Convert 47 (base 9) to base 7.
61
Convert -510 (base 11) to base 2.
-1001101000
What is 1088 (base 11) in base 4?
112103
Convert 165 (base 11) to base 3.
21010
What is 161b8 (base 15) in base 14?
1bd8d
What is -376 (base 13) in base 6?
-2444
Convert 81 (base 10) to base 11.
74
What is 1032434 (base 5) in base 9?
26454
Convert -69a (base 14) to base 12.
-914
-11002122 (base 3) to base 5
-43422
What is 12300 (base 5) in base 7?
2525
Convert 4eb8 (base 15) to base 11.
11704
What is -1102310 (base 4) in base 7?
-21311
95a6 (base 11) to base 3
122102101
Convert 20571 (base 9) to base 12.
7a47
996 (base 12) to base 7
4053
What is -372 (base 9) in base 10?
-308
What is -403 (base 12) in base 14?
-2d5
Convert 171332 (base 8) to base 11.
42789
What is 402 (base 15) in base 7?
2426
Convert -1447 (base 9) to base 2.
-10001001000
Convert -230 (base 13) to base 15.
-1a2
What is 5696 (base 12) in base 4?
2112102
-4a5 (base 11) to base 10
-599
What is 3040133 (base 5) in base 8?
140412
Convert 787 (base 11) to base 2.
1110101110
Convert -1db (base 15) to base 14.
-22b
What is -44044 (base 5) in base 7?
-11550
Convert 93d (base 14) to base 3.
2111101
-58c3 (base 14) to base 10
-15459
What is -6 (base 14) in base 3?
-20
What is -8218 (base 13) in base 7?
-103201
Convert -10402 (base 7) to base 9.
-3507
-a6b (base 14) to base 9
-2733
13a27 (base 11) to base 5
1113443
Convert -623a (base 12) to base 9.
-15611
3224 (base 5) to base 11
36a
Convert 8d2 (base 15) to base 8.
3715
-19147 (base 12) to base 15
-ac27
-1001010000 (base 2) to base 15
-297
Convert 119 (base 10) to base 14.
87
What is -1111001110110 (base 2) in base 15?
-249d
Convert -232133 (base 5) to base 14.
-30d4
Convert 86 (base 11) to base 9.
114
-16aa (base 13) to base 6
-23303
-30298 (base 11) to base 16
-acf0
What is 126101 (base 7) in base 8?
56245
Convert -1140 (base 5) to base 13.
-101
Convert 364 (base 13) to base 10.
589
Convert -2244 (base 16) to base 2.
-10001001000100
What is 344 (base 16) in base 6?
3512
Convert -3747 (base 15) to base 6.
-130251
Convert -1663 (base 16) to base 13.
-27bb
Convert -735 (base 9) to base 10.
-599
-2152 (base 6) to base 9
-615
-3069 (base 12) to base 10
-5265
-65 (base 14) to base 2
-1011001
1212110 (base 5) to base 8
54374
What is 320a (base 16) in base 15?
3be0
What is 67a (base 11) in base 4?
30231
Convert -72 (base 11) to base 7.
-142
12220 (base 4) to base 11
356
Convert 53 (base 14) to base 2.
1001001
What is 544 (base 6) in base 5?
1313
Convert -126b (base 13) to base 7.
-10436
What is 179 (base 15) in base 16?
153
What is 32151 (base 6) in base 5?
120022
Convert -100101111010010 (base 2) to base 11.
-13646
Convert 2122121 (base 3) to base 10.
1933
Convert -253b (base 12) to base 3.
-12210102
What is 30 (base 7) in base 5?
41
Convert -151225 (base 6) to base 14.
-5441
What is 100462 (base 7) in base 3?
212101101
What is 16a75 (base 13) in base 3?
2012201012
What is 3237 (base 9) in base 3?
10021021
Convert 2767 (base 9) to base 8.
4046
-12020221 (base 3) to base 12
-2274
What is 7383 (base 16) in base 5?
1421241
Convert -10353 (base 9) to base 16.
-1ac4
1402 (base 8) to base 10
770
What is 11110111111001 (base 2) in base 10?
15865
-807a (base 15) to base 5
-1331430
What is 2022 (base 3) in base 8?
76
What is a935 (base 12) in base 11?
12a95
Convert 1803 (base 14) to base 15.
142a
-8b94 (base 13) to base 3
-222211022
Convert -8708 (base 13) to base 2.
-100100101001111
Convert a3 (base 11) to base 7.
221
Convert -20211002 (base 3) to base 5.
-124340
What is 333004 (base 5) in base 7?
45622
What is 273 (base 11) in base 2?
101000010
2101213 (base 4) to base 12
5487
What is -152a (base 11) in base 8?
-3660
What is 110101 (base 3) in base 8?
516
1f8a (base 16) to base 8
17612
Convert -23278 (base 9) to base 14.
-5942
-1051 (base 11) to base 10
-1387
What is -121 (base 9) in base 13?
-79
-3a68 (base 12) to base 2
-1101000110000
What is -100021 (base 5) in base 3?
-11022011
Convert 201555 (base 6) to base 2.
11111001101111
Convert 17053 (base 9) to base 5.
333322
Convert -282 (base 9) to base 11.
-1a5
Convert 128a (base 12) to base 13.
c73
-13688 (base 11) to base 12
-b314
Con